{"id":121,"date":"2019-02-18T16:48:38","date_gmt":"2019-02-18T16:48:38","guid":{"rendered":"https:\/\/co-creation-manufactory.de\/?page_id=121"},"modified":"2020-09-13T16:01:01","modified_gmt":"2020-09-13T16:01:01","slug":"urheberrecht","status":"publish","type":"page","link":"https:\/\/co-creation-manufactory.de\/?page_id=121","title":{"rendered":"Urheberrecht"},"content":{"rendered":"\n<p><strong>Urheberrecht&nbsp;<\/strong><\/p>\n\n\n\n<p>Die durch die Seitenbetreiber erstellten Inhalte und Werke auf diesen Seiten unterliegen dem deutschen Urheberrecht. Die Vervielf\u00e4ltigung, Bearbeitung, Verbreitung und jede Art der Verwertung au\u00dferhalb der Grenzen des Urheberrechtes bed\u00fcrfen der schriftlichen Zustimmung des jeweiligen Autors bzw. Erstellers. Downloads und Kopien dieser Seite sind nur f\u00fcr den privaten, nicht kommerziellen Gebrauch gestattet.&nbsp;<\/p>\n\n\n\n<p>Soweit die Inhalte auf dieser Seite nicht vom Betreiber erstellt wurden, werden die Urheberrechte Dritter beachtet. Insbesondere werden Inhalte Dritter als solche gekennzeichnet. Sollten Sie trotzdem auf eine Urheberrechtsverletzung aufmerksam werden, bitten wir um einen entsprechenden Hinweis. Bei Bekanntwerden von Rechtsverletzungen werden wir derartige Inhalte umgehend entfernen.&nbsp;<\/p>\n\n\n\n<p><strong>Bilderrechte&nbsp;&#8211;&nbsp;Urheberbezeichnung<\/strong><\/p>\n\n\n\n<p>Nachfolgend benennen wir die Urheber f\u00fcr folgende von uns auf dieser Website genutzten Bilder.<\/p>\n\n\n\n<p>Bild 1:&nbsp;<\/p>\n\n\n\n<p>Bild 2:<\/p>\n\n\n\n<p>Foto Global Family auf Startseite&nbsp;<br>Fotograf:Lucky Sweeny, luckysweeny@gmail.com<\/p>\n\n\n\n<p>Bild 3:<\/p>\n\n\n\n<p>Foto Global Family auf Team&nbsp;&#8211; Seite<br>Fotograf :Lucky Sweeny, luckysweeny@gmail.com<\/p>\n\n\n\n<p>Bild 4:<\/p>\n\n\n\n<p>Fotogestaltung mit Hintergrund: Brigitte Sandtner<\/p>\n\n\n\n<p>Bild 5:<\/p>\n\n\n\n<p>kontakt@transformartion.de<\/p>\n\n\n\n<p>Bild 6:&nbsp;<\/p>\n\n\n\n<p>Cover von das Co-Creation Handbuch 2.0&nbsp;<br>Design: Trina Brunk, USA &#8211; owner of the copyrights: global family<\/p>\n\n\n\n<p>Bild 7:&nbsp;<\/p>\n\n\n\n<p>Erdkugel <\/p>\n\n\n\n<p>Gestaltung\/Design: Scheema-Verlag&nbsp;<\/p>\n\n\n\n<p>Bild 8:&nbsp;<\/p>\n\n\n\n<p>Foto Seelandschaft&nbsp;<em>mit<\/em>Segelschiff &#8211; Startseite&nbsp;<\/p>\n\n\n\n<p>Brigitte Sandtner<\/p>\n\n\n\n<p>brisandtner@gmail.com<br><br><\/p>\n\n\n\n<p>Bild 9: <\/p>\n\n\n\n<p>Bild, Design, Foto von Brigitte Sandtner<\/p>\n\n\n\n<p>brisandtner@gmail.com<\/p>\n\n\n\n<p>Bild 10:&nbsp;<\/p>\n\n\n\n<p>Portr\u00e4t Fotografie Brigitte Sandtner auf der Team-Seite&nbsp;<br>Fotograf: Heikko Sandtner<\/p>\n\n\n\n<p>brisandtner@gmail.com<\/p>\n\n\n\n<p>Bild 11:<\/p>\n\n\n\n<p>Foto Bearbeitung: Brigitte Sandtner  <\/p>\n\n\n\n<p>brisandtner@gmail.com<\/p>\n","protected":false},"excerpt":{"rendered":"<p>Urheberrecht&nbsp; Die durch die Seitenbetreiber erstellten Inhalte und Werke auf diesen Seiten unterliegen dem deutschen Urheberrecht. Die Vervielf\u00e4ltigung, Bearbeitung, Verbreitung und jede Art der Verwertung au\u00dferhalb der Grenzen des Urheberrechtes bed\u00fcrfen der schriftlichen Zustimmung des jeweiligen Autors bzw. Erstellers. Downloads und Kopien dieser Seite sind nur f\u00fcr den privaten, nicht kommerziellen Gebrauch gestattet.&nbsp; Soweit die [&hellip;]<\/p>\n","protected":false},"author":1,"featured_media":0,"parent":0,"menu_order":0,"comment_status":"closed","ping_status":"closed","template":"template-no-sidebar.php","meta":[],"yoast_head":"<!-- This site is optimized with the Yoast SEO plugin v18.0 - https:\/\/yoast.com\/wordpress\/plugins\/seo\/ -->\n<meta name=\"robots\" content=\"index, follow, max-snippet:-1, max-image-preview:large, max-video-preview:-1\" \/>\n<link rel=\"canonical\" href=\"https:\/\/co-creation-manufactory.de\/?page_id=121\" \/>\n<meta property=\"og:locale\" content=\"de_DE\" \/>\n<meta property=\"og:type\" content=\"article\" \/>\n<meta property=\"og:title\" content=\"Urheberrecht - Co-Creation-Manufactory\" \/>\n<meta property=\"og:description\" content=\"Urheberrecht&nbsp; Die durch die Seitenbetreiber erstellten Inhalte und Werke auf diesen Seiten unterliegen dem deutschen Urheberrecht. Die Vervielf\u00e4ltigung, Bearbeitung, Verbreitung und jede Art der Verwertung au\u00dferhalb der Grenzen des Urheberrechtes bed\u00fcrfen der schriftlichen Zustimmung des jeweiligen Autors bzw. Erstellers. Downloads und Kopien dieser Seite sind nur f\u00fcr den privaten, nicht kommerziellen Gebrauch gestattet.&nbsp; Soweit die [&hellip;]\" \/>\n<meta property=\"og:url\" content=\"https:\/\/co-creation-manufactory.de\/?page_id=121\" \/>\n<meta property=\"og:site_name\" content=\"Co-Creation-Manufactory\" \/>\n<meta property=\"article:modified_time\" content=\"2020-09-13T16:01:01+00:00\" \/>\n<meta name=\"twitter:card\" content=\"summary_large_image\" \/>\n<meta name=\"twitter:label1\" content=\"Gesch\u00e4tzte Lesezeit\" \/>\n\t<meta name=\"twitter:data1\" content=\"1\u00a0Minute\" \/>\n<script type=\"application\/ld+json\" class=\"yoast-schema-graph\">{\"@context\":\"https:\/\/schema.org\",\"@graph\":[{\"@type\":\"WebSite\",\"@id\":\"https:\/\/co-creation-manufactory.de\/#website\",\"url\":\"https:\/\/co-creation-manufactory.de\/\",\"name\":\"Co-Creation-Manufactory\",\"description\":\"Bri Sandtner Coach, Pers\u00f6nlichkeitswirtin\",\"potentialAction\":[{\"@type\":\"SearchAction\",\"target\":{\"@type\":\"EntryPoint\",\"urlTemplate\":\"https:\/\/co-creation-manufactory.de\/?s={search_term_string}\"},\"query-input\":\"required name=search_term_string\"}],\"inLanguage\":\"de\"},{\"@type\":\"WebPage\",\"@id\":\"https:\/\/co-creation-manufactory.de\/?page_id=121#webpage\",\"url\":\"https:\/\/co-creation-manufactory.de\/?page_id=121\",\"name\":\"Urheberrecht - Co-Creation-Manufactory\",\"isPartOf\":{\"@id\":\"https:\/\/co-creation-manufactory.de\/#website\"},\"datePublished\":\"2019-02-18T16:48:38+00:00\",\"dateModified\":\"2020-09-13T16:01:01+00:00\",\"breadcrumb\":{\"@id\":\"https:\/\/co-creation-manufactory.de\/?page_id=121#breadcrumb\"},\"inLanguage\":\"de\",\"potentialAction\":[{\"@type\":\"ReadAction\",\"target\":[\"https:\/\/co-creation-manufactory.de\/?page_id=121\"]}]},{\"@type\":\"BreadcrumbList\",\"@id\":\"https:\/\/co-creation-manufactory.de\/?page_id=121#breadcrumb\",\"itemListElement\":[{\"@type\":\"ListItem\",\"position\":1,\"name\":\"Startseite\",\"item\":\"https:\/\/co-creation-manufactory.de\/\"},{\"@type\":\"ListItem\",\"position\":2,\"name\":\"Urheberrecht\"}]}]}<\/script>\n<!-- \/ Yoast SEO plugin. -->","yoast_head_json":{"robots":{"index":"index","follow":"follow","max-snippet":"max-snippet:-1","max-image-preview":"max-image-preview:large","max-video-preview":"max-video-preview:-1"},"canonical":"https:\/\/co-creation-manufactory.de\/?page_id=121","og_locale":"de_DE","og_type":"article","og_title":"Urheberrecht - Co-Creation-Manufactory","og_description":"Urheberrecht&nbsp; Die durch die Seitenbetreiber erstellten Inhalte und Werke auf diesen Seiten unterliegen dem deutschen Urheberrecht. Die Vervielf\u00e4ltigung, Bearbeitung, Verbreitung und jede Art der Verwertung au\u00dferhalb der Grenzen des Urheberrechtes bed\u00fcrfen der schriftlichen Zustimmung des jeweiligen Autors bzw. Erstellers. Downloads und Kopien dieser Seite sind nur f\u00fcr den privaten, nicht kommerziellen Gebrauch gestattet.&nbsp; Soweit die [&hellip;]","og_url":"https:\/\/co-creation-manufactory.de\/?page_id=121","og_site_name":"Co-Creation-Manufactory","article_modified_time":"2020-09-13T16:01:01+00:00","twitter_card":"summary_large_image","twitter_misc":{"Gesch\u00e4tzte Lesezeit":"1\u00a0Minute"},"schema":{"@context":"https:\/\/schema.org","@graph":[{"@type":"WebSite","@id":"https:\/\/co-creation-manufactory.de\/#website","url":"https:\/\/co-creation-manufactory.de\/","name":"Co-Creation-Manufactory","description":"Bri Sandtner Coach, Pers\u00f6nlichkeitswirtin","potentialAction":[{"@type":"SearchAction","target":{"@type":"EntryPoint","urlTemplate":"https:\/\/co-creation-manufactory.de\/?s={search_term_string}"},"query-input":"required name=search_term_string"}],"inLanguage":"de"},{"@type":"WebPage","@id":"https:\/\/co-creation-manufactory.de\/?page_id=121#webpage","url":"https:\/\/co-creation-manufactory.de\/?page_id=121","name":"Urheberrecht - Co-Creation-Manufactory","isPartOf":{"@id":"https:\/\/co-creation-manufactory.de\/#website"},"datePublished":"2019-02-18T16:48:38+00:00","dateModified":"2020-09-13T16:01:01+00:00","breadcrumb":{"@id":"https:\/\/co-creation-manufactory.de\/?page_id=121#breadcrumb"},"inLanguage":"de","potentialAction":[{"@type":"ReadAction","target":["https:\/\/co-creation-manufactory.de\/?page_id=121"]}]},{"@type":"BreadcrumbList","@id":"https:\/\/co-creation-manufactory.de\/?page_id=121#breadcrumb","itemListElement":[{"@type":"ListItem","position":1,"name":"Startseite","item":"https:\/\/co-creation-manufactory.de\/"},{"@type":"ListItem","position":2,"name":"Urheberrecht"}]}]}},"_links":{"self":[{"href":"https:\/\/co-creation-manufactory.de\/index.php?rest_route=\/wp\/v2\/pages\/121"}],"collection":[{"href":"https:\/\/co-creation-manufactory.de\/index.php?rest_route=\/wp\/v2\/pages"}],"about":[{"href":"https:\/\/co-creation-manufactory.de\/index.php?rest_route=\/wp\/v2\/types\/page"}],"author":[{"embeddable":true,"href":"https:\/\/co-creation-manufactory.de\/index.php?rest_route=\/wp\/v2\/users\/1"}],"replies":[{"embeddable":true,"href":"https:\/\/co-creation-manufactory.de\/index.php?rest_route=%2Fwp%2Fv2%2Fcomments&post=121"}],"version-history":[{"count":8,"href":"https:\/\/co-creation-manufactory.de\/index.php?rest_route=\/wp\/v2\/pages\/121\/revisions"}],"predecessor-version":[{"id":417,"href":"https:\/\/co-creation-manufactory.de\/index.php?rest_route=\/wp\/v2\/pages\/121\/revisions\/417"}],"wp:attachment":[{"href":"https:\/\/co-creation-manufactory.de\/index.php?rest_route=%2Fwp%2Fv2%2Fmedia&parent=121"}],"curies":[{"name":"wp","href":"https:\/\/api.w.org\/{rel}","templated":true}]}}